-6).
-7
Let a(w) = 144*w + 734. What is a(-5)?
14
Let t(a) = 17*a - 45. Give t(25).
380
Let z(x) = 18*x - 24. Give z(1).
-6
Let k(x) = -2*x**3 - 61*x**2 - 32*x - 47. Calculate k(-30).
13
Let p(z) = -26*z**2 - 137*z - 246. Calculate p(-2).
-76
Let f(q) = 324*q - 6163. What is f(19)?
-7
Let r(d) = 5965*d - 11925. Give r(2).
5
Let i(u) = u**2 - 31*u - 513. Give i(-12).
3
Let k(p) = -6*p**3 - 51*p**2 - 21*p + 21. Give k(-8).
-3
Let z(w) = -w**3 - 17*w**2 - 163*w - 923. What is z(-10)?
7
Let t(g) = 255*g - 1277. What is t(5)?
-2
Let s(j) = -j**2 - 10*j - 79. Determine s(-15).
-154
Let s(t) = 2*t**2 - 36*t + 111. What is s(8)?
-49
Let i(l) = -15*l + 10. Calculate i(3).
-35
Let d(p) = 495*p + 2006. Determine d(-4).
26
Let h(x) = 69*x + 5873. Give h(-89).
-268
Let o(g) = -220*g - 2217. Determine o(-10).
-17
Let d(t) = 9*t**2 + 131*t - 2350. Calculate d(-25).
0
Let b(f) = 88*f + 4315. What is b(-49)?
3
Let d(b) = -2*b**3 + 9*b**2 + 15*b - 2. What is d(6)?
-20
Let t(u) = -u**3 + 10*u**2 - 19*u + 193. Determine t(10).
3
Let j(c) = c**2 - 122*c - 21232. Calculate j(219).
11
Let f(o) = 4*o**2 + 135*o + 42. Calculate f(-33).
-57
Let r(m) = -m**2 + 66*m + 1. Give r(65).
66
Let h(p) = -3*p**2 + 163*p - 2148. Determine h(32).
-4
Let f(x) = 238*x - 873. Calculate f(4).
79
Let v(l) = 79*l - 49. What is v(5)?
346
Let a(h) = -103*h - 716. What is a(-7)?
5
Let t(i) = -17*i - 160. Determine t(-33).
401
Let c(y) = -5520*y - 44163. Give c(-8).
-3
Let s(y) = 6*y**2 - 194*y + 164. Give s(30).
-256
Let f(y) = -y**2 - 124*y + 1990. Calculate f(15).
-95
Let y(f) = 27*f - 418. What is y(16)?
14
Let x(g) = g**2 - 74*g - 350. What is x(-6)?
130
Let s(r) = -36*r - 21. Determine s(-10).
339
Let z(b) = b**3 + 12*b**2 + 12*b - 10. What is z(-11)?
-21
Let h(u) = 16*u**2 - 119*u - 577. What is h(-5)?
418
Let q(a) = -a**2 - 98*a + 853. What is q(8)?
5
Let s(k) = k**2 - 90*k + 505. What is s(6)?
1
Let g(a) = -a**3 + 23*a**2 - 34*a - 46. Determine g(11).
1032
Let w(g) = -16*g - 347. Give w(-23).
21
Let q(n) = 447*n + 11181. What is q(-25)?
6
Let i(u) = 47*u + 1230. Determine i(-38).
-556
Let g(q) = 3545*q + 24805. Determine g(-7).
-10
Let a(n) = 708*n + 4927. What is a(-7)?
-29
Let z(y) = -129*y + 123. Give z(1).
-6
Let i(n) = 2*n**2 + 201*n - 1175. What is i(6)?
103
Let l(m) = 9*m**2 + 50*m + 24. What is l(-5)?
-1
Let n(s) = -s**3 + 27*s**2 - 25*s - 34. What is n(26)?
-8
Let g(r) = -17*r**2 - 78*r + 2240. What is g(-14)?
0
Let v(u) = u**3 + 22*u**2 + 17*u - 64. What is v(-21)?
20
Let i(r) = -4*r**3 - 17*r**2 - 2*r - 2. What is i(-5)?
83
Let r(f) = 22223*f - 200010. Determine r(9).
-3
Let y(a) = -19*a - 7. Give y(5).
-102
Let y(h) = h**3 - 40*h - 75. Give y(-9).
-444
Let b(i) = -3*i + 337. What is b(111)?
4
Let q(y) = 44*y**2 + 27*y - 18. Give q(-3).
297
Let v(r) = -r**3 + 9*r**2 - 87*r + 950. Calculate v(10).
-20
Let y(b) = -b**2 - 9*b + 19. What is y(-10)?
9
Let n(l) = -l**3 + 47*l**2 + 99*l - 35. Calculate n(49).
14
Let m(z) = -z**3 + 32*z**2 + z - 177. Determine m(32).
-145
Let s(v) = v**2 + 18*v - 106. What is s(5)?
9
Let r(n) = -n**2 + 27*n + 1399. What is r(54)?
-59
Let y(o) = -294*o - 6677. Determine y(-22).
-209
Let z(w) = -6*w - 6. Give z(-7).
36
Let q(f) = -108*f + 12517. Calculate q(116).
-11
Let r(f) = f**3 + 20*f**2 + 2*f + 45. Determine r(-20).
5
Let d(h) = 9*h**2 + 117*h + 257. Give d(-10).
-13
Let o(g) = 146*g + 2829. What is o(-19)?
55
Let h(z) = -13*z + 122. Determine h(-11).
265
Let a(i) = i**3 - 27*i**2 + 44*i + 99. Calculate a(25).
-51
Let q(y) = y**3 - 21*y**2 - 18*y + 1065. Determine q(19).
1
Let x(k) = k**3 + 35*k**2 + 33*k + 61. Determine x(-34).
95
Let t(y) = -y**2 - 93*y + 1373. Determine t(13).
-5
Let c(f) = f**2 + 40*f + 226. Calculate c(-33).
-5
Let l(q) = -2*q**2 + q + 293. Determine l(0).
293
Let t(j) = -163*j - 822. Determine t(-5).
-7
Let f(d) = 2*d**2 - 130*d - 93. Calculate f(66).
39
Let c(a) = a**3 - 8*a**2 - 50*a + 8. Calculate c(12).
-16
Let p(z) = 3*z**2 - 25*z - 75. Determine p(11).
13
Let t(i) = -6*i**3 + 36*i**2 + 141*i - 830. Calculate t(6).
16
Let a(d) = -d**2 - d + 496. Determine a(-23).
-10
Let w(t) = t**3 + 27*t**2 + 38*t - 70. Calculate w(-25).
230
Let g(u) = -394*u + 4246. What is g(11)?
-88
Let u(b) = 6*b**3 - 7*b**2 + 13*b - 9. What is u(2)?
37
Let h(l) = 1670*l + 1820. What is h(-1)?
150
Let p(i) = -i**2 - 4*i + 15. Give p(-10).
-45
Let r(l) = 213*l - 17043. Determine r(80).
-3
Let u(d) = 4*d**2 - 59*d + 196. Give u(13).
105
Let f(x) = 179*x**2 + 898*x + 6. Give f(-5).
-9
Let l(r) = 2*r**2 - 23*r + 7. Calculate l(6).
-59
Let y(k) = k**3 + 201*k**2 + 5937*k - 470. Give y(-165).
25
Let i(d) = 549*d + 4875. Calculate i(-8).
483
Let b(z) = -28*z + 361. What is b(15)?
-59
Let k(u) = -72*u + 2041. Calculate k(27).
97
Let c(s) = -177*s - 10614. Give c(-60).
6
Let x(a) = -a**3 + 30*a**2 - 105*a + 60. Give x(26).
34
Let q(d) = d**2 + 2095*d - 18947. Determine q(9).
-11
Let x(n) = 36*n - 185. Calculate x(7).
67
Let l(n) = n**3 - 18*n**2 - 66*n + 4. Give l(21).
-59
Let g(a) = a + 1. Determine g(-17).
-16
Let m(n) = n**3 - 21*n**2 - 4*n + 575. Calculate m(20).
95
Let v(a) = -402*a - 837. Calculate v(-2).
-33
Let j(u) = -8713*u + 7. Determine j(0).
7
Let r(w) = -w**2 + 156*w - 758. What is r(5)?
-3
Let b(j) = -j**2 - 297*j + 78. Give b(0).
78
Let a(t) = -t**2 - 166*t - 619. Determine a(-162).
29
Let x(i) = 2*i**2 + 95*i + 1112. What is x(-22)?
-10
Let s(x) = x**3 + x**2 + 2*x + 1. Calculate s(2).
17
Let p(i) = -i**2 + 176*i + 2987. What is p(-15)?
122
Let d(g) = -g**2 - 493*g - 23699. Calculate d(-54).
7
Let o(v) = 242*v + 716. What is o(-3)?
-10
Let n(s) = 2*s**3 + 4*s**2 + 5*s - 24. Determine n(-5).
-199
Let l(a) = 12*a + 500. Determine l(-18).
284
Let k(o) = -o**2 + 1175*o - 28632. Give k(25).
118
Let j(h) = -h**2 - 12*h + 146. Give j(-21).
-43
Let p(v) = v**3 - 15*v**2 - 3*v - 8. What is p(15)?
-53
Let y(t) = 18*t**2 + 178*t - 35. Determine y(-10).
-15
Let j(z) = 9*z**2 - 353*z - 2799. Determine j(46).
7
Let p(u) = 32*u**2 + 13*u + 12. What is p(3)?
339
Let w(i) = 71*i - 1764. Give w(25).
11
Let t(x) = 14*x + 701. What is t(-50)?
1
Let x(b) = -9*b - 37. Calculate x(-9).
44
Let a(z) = -3*z**2 + 29*z + 93. Give a(-3).
-21
Let f(n) = -2*n**3 + 73*n**2 + 116*n - 76. What is f(38)?
0
Let g(w) = -4*w**2 - 24*w + 115. Calculate g(6).
-173
Let b(p) = p**3 - 33*p**2 - 4*p + 77. What is b(33)?
-55
Let n(d) = -d**2 + 164*d - 5421. Calculate n(46).
7
Let m(i) = i**2 + 357*i - 2181. Give m(6).
-3
Let t(v) = 55*v - 4616. Determine t(84).
4
Let i(s) = s**3 - 70*s**2 + 7*s - 524. Calculate i(70).
-34
Let v(x) = -x**3 + 21*x**2 - 12*x - 236. Determine v(18).
520
Let z(c) = 2*c**2 - 116*c - 5. Calculate z(58).
-5
Let q(c) = c**3 + 38*c**2 + 342*c + 42. Calculate q(-25).
-383
Let w(c) = -3*c**3 - 5*c**2 - 3*c + 9. Determine w(-3).
54
Let s(d) = 3*d**2 - 49*d + 209. Calculate s(10).
19
Let y(h) = -131*h - 2215. What is y(-17)?
12
Let l(f) = 3*f + 159. Calculate l(-21).
96
Let d(b) = 6*b**2 - 64*b + 39. Determine d(10).
-1
Let r(g) = -g**2 + 8*g + 106. Calculate r(15).
1
Let f(y) = 2*y**3 + y**2 - 16*y + 41. What is f(5)?
236
Let k(s) = s + 1003. Give k(-14).
989
Let i(b) = -b**3 - 75*b**2 - 70*b + 403. Give i(-74).
107
Let x(g) = -8*g + 64. Calculate x(15).
-56
Let u(p) = 2*p**3 + 5*p**2 - 61*p - 221. Determine u(-5).
-41
Let g(a) = 25*a - 378. What is g(15)?
-3
Let g(r) = 10*r**3 - 10*r**2 + 6*r + 8. Give g(2).
60
Let l(q) = 3*q**2 - 1607*q - 9720. Determine l(-6).
30
Let y(l) = -l**3 - 40*l**2 - 79*l - 1561. Give y(-39).
-1
Let a(z) = -2*z**2 + 3356*z - 13403. Determine a(4).
-11
Let f(g) = -18*g**2 + 89*g - 128. Determine f(4).
-60
Let h(b) = b**2 - 8*b - 98. Calculate h(-9).
55
Let r(s) = s**3 - 19*s**2 - 11*s - 129. Give r(20).
51
Let a(g) = -g**3 + 108*g**2 + 232*g - 1481. Calculate a(110).
-161
Let w(i) = 26*i**3 + 157*i**2 + 6*i - 12. Determine w(-6).
-12
Let m(q) = 82*q + 20. Give m(-1).
-62
Let o(m) = 5*m**3 - 237*m**2 - 145*m + 2. Calculate o(48).
-46
Let u(o) = o**3 + 21*o**2 + 26*o - 1. Calculate u(-20).
-121
Let f(v) = v**2 + 18*v - 347. Give f(-30).
13
Let t(n) = -94*n + 265. Calculate t(3).
-17
Let l(h) = 208*h - 640. Determine l(4).
192
Let n(d) = -118*d - 592. Determine n(-5).
-2
Let j(x) = x**2 - 56*x + 379. Give j(43).
-180
Let k(r) = 